1284*x - 3441. Is f(5) prime?
False
Suppose -22*p = -24*p - 15874. Let b = p - -15090. Is b prime?
False
Let f be (-9*6/72)/((-1)/4). Let n(d) = -d**3 - 11*d**2 - 11*d - 14. Let z be n(-10). Is f/((z/24)/((-62)/18)) a prime number?
False
Suppose 233*h = 3*k + 230*h - 454677, -2*k - 5*h + 303118 = 0. Is k a prime number?
False
Suppose -251711408 - 102845570 + 92451488 = -170*s. Is s a composite number?
False
Let k = -16104 - -43561. Is k composite?
False
Let h = 51689 - 99663. Let y = h + 95465. Is y prime?
True
Suppose 2*j + 2*j = 4*h - 23376, 2*h = -4*j + 11688. Let o = 577 + h. Is o prime?
True
Suppose -15 = 3*t, x - 4*t + 0*t + 84 = 0. Let s = 108 + x. Suppose s*i + 2*b - 3470 = 0, 3*i = -4*b + 2541 + 69. Is i a prime number?
False
Suppose w - 4*f - 16 = 0, 0 = -5*w - 0*w + f + 42. Suppose -s + w*s - 17626 = 0. Suppose -4*m + s + 710 = 0. Is m a composite number?
True
Let h(j) be the first derivative of j**3/3 - 5*j**2 - 61*j + 242. Let c = 11 + 5. Is h(c) a composite number?
True
Let o = 12244 - 8527. Suppose 4*b = 5*j - o, -j + 1497 = j - 5*b. Let n = j + -262. Is n prime?
True
Let r = 340993 + -102906. Is r a prime number?
False
Let k = -50 + 184. Let z = 143 - k. Suppose -10698 = -z*c + 4143. Is c a composite number?
True
Let n(a) be the third derivative of 11*a**4/24 + 4*a**3/3 + 6*a**2. Let g be n(-4). Let i = -25 - g. Is i composite?
False
Suppose 5*z + j - 4 = 0, 6*z + j = 4*z + 1. Suppose -7*r + 13 + z = 0. Is (2/(-6)*-139)/(r/18) composite?
True
Suppose -2*t + 0*t = 40. Let c = -23 - t. Is (-16262)/(-22) - (c - 105/(-33)) prime?
True
Suppose 0 = -2*z - 7*a + 9*a + 970, 5*a = -20. Is (36 - 2)*z/26 composite?
True
Suppose -2252137 = 71*a - 52*a - 42*a. Is a prime?
True
Let h(a) = 28274*a - 21. Let d be h(8). Suppose -4*n + 301604 = 4*i, 4*n - d = n + 5*i. Is n a prime number?
False
Let k = 142 - 113. Suppose -6*a - 17 = -k. Is -19 - -23 - 349*(-9 + a) a prime number?
True
Let r = -192361 - -304458. Is r prime?
True
Suppose 72*i + 180 = 90*i. Suppose i*u + 2*x - 117407 = 7*u, 3*u - 117422 = x. Is u composite?
False
Suppose -141609 - 133724 = -23*g. Let y = 17640 - g. Is y prime?
True
Let n = 1955839 + -892166. Is 2/(-9) + n/117 a prime number?
True
Let l be (11/(-22))/(1/(-6)). Suppose l*k = -k - 44. Is -10*k/(-4)*-2 a prime number?
False
Let h = 143 + -121. Suppose -18*z - 36236 = -h*z. Is z composite?
False
Suppose 4*v - 4*j = 20039 + 26737, 2*j = -4*v + 46806. Is v prime?
True
Let h(k) be the third derivative of -k**5/60 - 5*k**4/24 + 10*k**3/3 + 30*k**2. Let w be h(-9). Let i = w - -221. Is i a prime number?
False
Let v(u) = -u**2 + 17*u - 34. Let t be v(15). Let f(l) = -216*l + 43. Is f(t) a prime number?
True
Suppose -21*v - 20515 = -447613. Is v a prime number?
False
Let a(d) = d**3 + 14*d**2 - d. Let f be a(-14). Let z(r) = -r - 1 + 5*r**2 - f + 9*r**2 - 5*r**2. Is z(-5) composite?
True
Suppose -10*s + 31 = -29. Let h(z) = 232*z**2 - 19*z + 32. Let p be h(s). Is p/25 - ((-2)/5)/2 composite?
False
Is (14802970/(-20))/13*-2 composite?
True
Suppose 3*j - 11 = 1, 4*k + 8 = 2*j. Suppose k*a - i = a + 7, -4 = -2*a + 4*i. Is (2057 - (5 + -3)) + a a prime number?
False
Let v = 44 - 17. Let b = -26 + v. Is (-21324)/(-36)*(2 + b) a composite number?
False
Is 2199106/20 - (-339)/(-1130) composite?
True
Suppose -27 = -10*z + 23. Suppose -z*p - 4130 = -6*p + 2*h, -16556 = -4*p - 4*h. Suppose -a = -5*g + 7559, 5*g - 2*a - p - 3427 = 0. Is g a composite number?
False
Suppose 72*a - 522 = 14*a. Let o(d) be the third derivative of 61*d**4/8 + 5*d**3/3 - d**2. Is o(a) a prime number?
True
Suppose 2*k + 2*v = -v + 2, 0 = k + 5*v - 1. Let c be (0 - (-1)/k) + 1. Suppose 3*l + 2*f = 263 + 3080, 5*l + c*f - 5577 = 0. Is l a prime number?
True
Let h(u) = 36*u**2 + 50*u - 8. Let r be h(24). Suppose -16*x + r = -8*x. Is x a composite number?
False
Suppose 0 = -17*t + 66*t + 4312. Is (-22132)/t*(-62)/(-1) a prime number?
False
Let p = -14102 - -42889. Is p a composite number?
True
Let o = 50 + -45. Suppose o*m = 259 + 1396. Is m prime?
True
Is (1 - 1) + (-6)/(42/(-114331)) a prime number?
True
Suppose 173*u = 82*u + 50010779. Is u composite?
False
Let z(b) = 14*b - 48. Let c be z(4). Is (110/(-10) + c)/(3/(-12473)) a composite number?
False
Suppose 798005 = 30*y + 35*y. Is y a composite number?
False
Suppose -4*r = 4*t - 138648, 4*t + 1289 = -3*r + 105270. Is r composite?
False
Suppose 37*a - 3918160 = 8773543. Is a composite?
False
Let g(x) = 4914*x**2 + 7*x - 12. Is g(1) prime?
True
Suppose 4*n + 39784 = 4*d - 19380, 2*d = n + 29588. Is d prime?
True
Let w = -86360 + 148657. Is w prime?
True
Suppose k + 3*z = 19667, -4*k + 8*k - 2*z - 78640 = 0. Is k composite?
False
Suppose 0 = 2*q - 8801 - 3477. Let a = q + -4351. Suppose -4*h - a = -4*n, n + 3*h - 1802 = -3*n. Is n a composite number?
False
Suppose -4*m - 6*s + 685178 = 0, -2*m + 342590 = 5*s - s. Is m prime?
True
Suppose 0 = -2*k - 10*k. Suppose k = 27*v - 2935 - 53630. Is v a prime number?
False
Is (104/(-416))/(3/(-1131276)) a composite number?
False
Suppose 14*y - 342 = -24*y. Suppose -y*b + 8556 - 1635 = 0. Is b a composite number?
False
Let a(i) = -i**3 + 5*i**2 + 6*i + 5. Let s = 81 - 75. Let o be a(s). Is (1 - 0)*12185/o composite?
False
Let u(b) be the first derivative of -21*b**2 - 319*b + 86. Is u(-35) prime?
True
Let l(n) = -86*n - 29. Let b be l(7). Let h = 1348 + b. Is h composite?
True
Let u(g) = 3461*g**2 + 3*g - 3485*g**2 + 12*g - 3 + 4*g**3. Is u(11) a composite number?
True
Suppose x - 42035 = -5*v, -4*v - 23*x = -24*x - 33628. Is v prime?
False
Let a(u) = -2*u**3 + 11*u**2 + 10*u + 12. Let s be a(-8). Let k = s - 341. Is k composite?
False
Let a(c) = 1856*c**2 - 199*c + 564. Is a(3) prime?
False
Let h be (-66)/42 + (-3)/7. Let b be ((985 - h) + -2)/(13/13). Suppose 2*o = -3*f + 6*f - b, -3*f = 4*o - 1009. Is f a prime number?
True
Let s(c) = 9283*c**3 + 2*c**2 - c - 2. Let d be s(2). Is ((-14)/(-56))/((-148533)/d - -2) a composite number?
True
Let h = 3492 + 60461. Is h composite?
True
Suppose 0 = -14*l + 37*l - 75486. Let w = l - -880. Is w a composite number?
True
Is (1*1/2)/(1/723194) a prime number?
False
Suppose 0 = 2*y - 5*y + 30. Let f be ((-24)/y)/((9/(-20))/9). Let u = 355 - f. Is u composite?
False
Let m(n) = 20*n - 28 - 53 + 32 - 52. Is m(27) composite?
False
Suppose 0 = 1415*x - 1320*x - 5950135. Is x a composite number?
False
Let g(f) be the second derivative of 29*f**4/12 + 3*f**2 - f. Let h = -5094 - -5089. Is g(h) a composite number?
True
Suppose -15 + 0 = -4*t + j, 0 = -5*t + 4*j + 27. Suppose t*m = -3*y - 5064, -m + 2*y - 8447 = 4*m. Let s = m + 3098. Is s a composite number?
False
Suppose 0 = 4*q - 9000 - 2312. Suppose 0 = -q*w + 2824*w + 20380. Is w prime?
False
Is (-98785 - 13)/(3 - 5) prime?
False
Let o(h) = -100*h + 12. Let b(u) = -1001*u + 119. Let m(p) = 5*b(p) - 49*o(p). Suppose -5*q - 32 = -12. Is m(q) composite?
True
Let k = -115264 - -427165. Is k prime?
False
Suppose -5*q - 6*y + 7*y - 42581 = 0, 0 = -2*q + 4*y - 17018. Let d = 11216 - q. Is d prime?
False
Suppose -q = -3*k - 10 - 2, 3*k - 3*q = -18. Let w(s) = -81*s**3 + 5*s**2 - 2*s - 4. Is w(k) a prime number?
False
Let c = -142322 + 205261. Is c prime?
True
Let p be 4 + 15*(-10)/(-15). Let a be (p/(-10) - -1) + (-17)/(-5). Suppose 4*y - 2205 = 2*y - i, -2*i = -a*y + 3297. Is y composite?
True
Let j(k) = 747*k - 116. Let m be j(-5). Suppose -4*o - 20504 - 1136 = 0. Let c = m - o. Is c prime?
True
Let r(n) = 51073*n - 720. Is r(3) a composite number?
True
Is ((-17)/17)/((-16)/3029552) composite?
False
Suppose -4*r - 4 = 0, 2*r + 21 = 3*q - r. Suppose -1414 = -q*t + 8150. Let u = -800 + t. Is u a composite number?
True
Let d(y) = -y**3 + 2*y + 326. Let u(p) = -5*p + 25. Let a(s) = 4*s**3 + 3*s - 2. Let w be a(1). Let r be u(w). Is d(r) a composite number?
True
Let n(z) = 1045*z**2 + 12*z + 9. Let l(m) = 523*m**2 + 7*m + 5. Let y(g) = -5*l(g) + 3*n(g). Is y(-3) prime?
True
Let m(j) = 794*j**3 - 7*j**2 - 12*j + 15. Is m(4) prime?
True
Let k(h) = -h**2 - 6*h. Suppose -4*b = -8*b - 24. Let n be k(b). Suppose -14*p + 18*p - 7868 = n. Is p prime?
False
Let g(l) = -20*l**3 - 6*l**2 + 3*l - 18. Let q be -11 - (6 + (0 - 12)). Is g(q) a prime number?
False
Suppose 0 = 33*x - 4 + 136. Is -3 + x/(4/(-202